 - 812 = w*a. List the prime factors of a.
2, 29
Let s(y) = 22*y - 87. Suppose -x + 112 = -2*z + 6*z, -z = 2*x - 35. List the prime factors of s(z).
3, 13
Let g(x) be the first derivative of 0*x**2 + 6*x - 5/3*x**3 + 1/4*x**4 - 5. List the prime factors of g(6).
2, 3, 7
List the prime factors of -2*(10/8 - (12 - 2038657/(-68))).
2, 3, 13, 769
Suppose -159*t + 162*t - 189 = 0. What are the prime factors of t?
3, 7
Suppose 7*t = 12*t - 3640. Let x = t + 101. List the prime factors of x.
829
What are the prime factors of (-54372)/(-2) + 30/((-12)/(-2))?
27191
Suppose -14*z + 543623 = -320749 + 296630. List the prime factors of z.
107, 379
What are the prime factors of -13 - ((-16 - 78864) + 18)?
3, 8761
Let y be 4/(-34) - (-678)/(-17). What are the prime factors of ((-11)/((-440)/(-768)))/(2/y)?
2, 3
Let r be (-12)/(-10) - (-224)/80. Suppose -5*q + 7*q = r*c - 12, -2*q + 20 = 4*c. List the prime factors of q.
2
Suppose 121 = a - 2*s - 19, 4*a = -2*s + 590. List the prime factors of a.
2, 73
Suppose -108 = 7*l - 220. Suppose 5*t = -2*f + 695, -l*f - 2*t + 345 = -15*f. List the prime factors of f.
5, 67
Let q(g) = -7*g**2 + 4*g - 76. Let t(u) = -15*u**2 + 7*u - 149. Let r(n) = -13*q(n) + 6*t(n). What are the prime factors of r(26)?
2, 3, 5, 17
Let h(c) be the second derivative of 173*c**3/6 - 7*c**2 - 10*c + 6. List the prime factors of h(3).
5, 101
Let p be (-3 + 114/(-30))*70. Let t = p + 1015. What are the prime factors of t?
7, 11
Let r(z) = -251*z + 1111. List the prime factors of r(-77).
2, 11, 929
Let j(a) be the third derivative of 125*a**4/12 + a**3/3 - 7*a**2. Let l be j(1). What are the prime factors of 24892/l + (-4)/(-18)?
3, 11
Let w be (0 - 0)/(-6 - (1 + -10)). Suppose w = -13*o - 6*o + 1121. What are the prime factors of o?
59
Let s(q) = -34*q + 695. What are the prime factors of s(-20)?
5, 11
Let o = 34872 + 13494. What are the prime factors of o?
2, 3, 2687
Let q be 105/28 + 6/(-8). Let s be (q + (1 - -5) + 3)/2. Suppose -121 - 124 = -3*n - 5*w, 3*w + s = 0. What are the prime factors of n?
5, 17
Let f = -32653 - -77188. What are the prime factors of f?
3, 5, 2969
Suppose 0 = -4*d + 4*u + 40, 3*d - 14*u = -16*u + 5. Suppose 0 = -d*t + 2*r + 5882, -4*t + 3514 = -t - 5*r. List the prime factors of t.
2, 19, 31
Let j be ((-2)/4)/(2/(-1856)). Suppose 5*l = 9*l + j. Let s = 182 + l. What are the prime factors of s?
2, 3, 11
Suppose -129*p + 803338 + 1014143 = 0. List the prime factors of p.
73, 193
Suppose -4*h + 3*n + 103439 = 0, 0 = 1561*h - 1566*h - 4*n + 129353. List the prime factors of h.
5, 7, 739
Suppose -79287 = -23*q + 91230 + 19739. List the prime factors of q.
2, 11, 47
Let j(d) = d**2 + 7*d - 44. Let x be j(9). Let a be x/(-30) + -3*(-4)/(-18). What are the prime factors of (-12)/2*-46*a/(-12)?
2, 23
Let q = 275 - 104. Let w = 337 - q. Suppose 0 = 3*u - 5*u + w. List the prime factors of u.
83
What are the prime factors of (6/(-35))/(6/(-20)) + (-73646865)/(-1253)?
53, 1109
Let t(f) = -3*f + 7. Let u be t(0). Let m(z) = 56*z - 21. What are the prime factors of m(u)?
7, 53
Let z be (2/5)/((-1)/(-320)). Let g = -240 + 315. Let a = z - g. What are the prime factors of a?
53
Suppose -4*q + 4*z + 3 = -17, 20 = -4*z. Let t = -597 + 611. Suppose k - t*k + 351 = q. What are the prime factors of k?
3
Let b(f) = -f**3 - 24*f**2 - 339*f - 54. What are the prime factors of b(-42)?
2, 3, 11, 29
Let l(x) = 7*x**3 - 8*x**2 + 236*x - 18. List the prime factors of l(13).
17077
What are the prime factors of ((-12)/(-12 + 841662/70137))/(0 - 3)?
2, 7793
Let c = 2035 + 3773. Suppose -28 = 5*i - c. List the prime factors of i.
2, 17
Let t = -200 + 168. Let b = t + 201. List the prime factors of b.
13
Suppose -3*n = -0*n + 15, -2*n = b - 129. Let c = -226 - -106. Let h = b + c. What are the prime factors of h?
19
Suppose 3*b - 217 = -l, 0*b + 990 = 5*l - 4*b. Suppose 3*d - l - 380 = 0. List the prime factors of d.
2, 97
Let b(z) = z + 41. Suppose -5*p = -m + 13, -6*p + 5 = 5*m - p. Suppose -8 = -3*v + 6*v + 2*k, -2*v = -m*k - 12. List the prime factors of b(v).
41
Let c(h) = -h**3 + 3*h**2 + 2. Let q = 24 - 21. Let g be c(q). Suppose -2*x + g*w + 162 = 0, -33 - 36 = -x - 5*w. What are the prime factors of x?
79
Let i be 1 + (-6 - (2 - 27)). What are the prime factors of 404/i*(24/(-6) - -9)?
101
Suppose -3*t + o + 13 = 0, -4*t = -0*o + 2*o - 14. Suppose -201 = -t*s - 77. Suppose -q = -s - 14. List the prime factors of q.
3, 5
Let y(q) = 365*q + 4 + 194*q + 11. What are the prime factors of y(1)?
2, 7, 41
Let m(k) = -k**3 - k**2 + 15*k - 20. Let y be m(6). Let i = 854 + y. Suppose -5*r + 2*w + i = 0, 3*r + w + 155 = 567. What are the prime factors of r?
2, 17
Let c = -92 + 89. Let h(u) = -100*u + 75. What are the prime factors of h(c)?
3, 5
Let i(m) = -m**2 + 16*m + 17. Let d be i(12). Suppose -70*h = -d*h - 115. Suppose 728 = 30*f - h*f. List the prime factors of f.
2, 13
Let n(l) = -670*l**2 + 24*l - 25. Let h(i) = 335*i**2 - 11*i + 12. Let t(v) = 9*h(v) + 4*n(v). What are the prime factors of t(-2)?
2, 677
Let j = 18727 - -1507. List the prime factors of j.
2, 67, 151
What are the prime factors of (5598/12 - -5)/((-3)/(-18))?
3, 23, 41
Suppose 0 = 4*k - k - 354. Let j = -1484 + 1513. Suppose d - k = j. List the prime factors of d.
3, 7
Let z(g) = -44*g**3 - 36*g**2 - 203*g - 7. List the prime factors of z(-7).
2, 3, 7, 13
Let c(j) = 157*j**2 - 225*j + 891. List the prime factors of c(4).
2503
List the prime factors of (21/49)/(9/6) + (-1411880)/(-70).
2, 5, 2017
Let u(v) be the second derivative of -v**3/6 + 26*v**2 - 2*v - 33. List the prime factors of u(34).
2, 3
Suppose c + 4*n = -541, 5*c + 4*n - 2*n = -2723. List the prime factors of (-5 - c) + 12/(8/2).
3, 181
Let q = -88 - -111. Suppose q*x - 22862 = -0*x. List the prime factors of x.
2, 7, 71
Let f(c) be the third derivative of 1123*c**5/60 + c**4/6 - 7*c**3/6 - 31*c**2. Let h be f(-3). What are the prime factors of 1/(-5) - h/(-65)?
5, 31
Let m(c) = c**2 + 10*c + 381. What are the prime factors of m(42)?
3, 5, 19
Let b = -96 - -90. List the prime factors of (1068/(-18))/(b/45).
5, 89
Suppose -20*b - 205544 = 11*b - 691872. List the prime factors of b.
2, 37, 53
Let a = 23333 - 11763. What are the prime factors of a?
2, 5, 13, 89
Suppose 1036 = 5*s + 181. Let d = 589 - s. List the prime factors of d.
2, 11, 19
Suppose -j + 2179 = 5*a - 4*j, -a - j + 431 = 0. Let b = 242 - a. Let n = -115 - b. List the prime factors of n.
7, 11
Let a(f) = 4*f - 20. Let u be a(5). Suppose -8*m = -u*m - 728. What are the prime factors of m?
7, 13
Let s be 12/10 - 24/(-30). Suppose -3*y + 2895 = -s*g, -2904 = -0*y - 3*y - g. List the prime factors of y.
967
Let t = 4915 - -5268. What are the prime factors of t?
17, 599
Suppose -t + m + 0*m = -12, 3*t + 5*m = 12. Suppose -t*a - 20 = -14*a. Suppose 6*j = 5*j + a. List the prime factors of j.
2
Let k = 288 - 1116. Let t = 1432 + k. What are the prime factors of t?
2, 151
Let m = 8645 - 4233. List the prime factors of m.
2, 1103
Let x(d) = -18*d - 196. Let h be x(-11). Suppose h*m - 1579 = -b, 2*m + 16 = 22. List the prime factors of b.
11, 13
Suppose 2*s - 7 = s + 3*i, 5 = s - 2*i. Let a be (-4548)/(-8 + 6) - (-3 - s). Suppose -a = -10*n - 7*n. What are the prime factors of n?
2, 67
Suppose 4*k + m - 151261 - 39178 = 0, -2*k = 3*m - 95237. List the prime factors of k.
2, 11, 541
Suppose 0 = 16*s - 15*s - 5*o - 12, -5*s = 5*o. Suppose -4*v - 4 = 0, 12*b - 1912 = 10*b + s*v. What are the prime factors of b?
5, 191
Suppose -3*t - 272 = 4*f, 2*t + 3*f = 49 - 229. List the prime factors of (-453)/(-24) + (-12)/t.
19
Suppose 2*c = -0*y + 3*y + 249, y + 126 = c. Let j be (-1 - c/15)*-10. Let a = -62 + j. What are the prime factors of a?
2, 17
Let l(r) = -730*r - 45. List the prime factors of l(-6).
3, 5, 17
Let d(s) = s**3 - 20*s**2 - 43*s - 16. Let f be d(22). Let n(y) = 4*y**2 + 7*y - 23. What are the prime factors of n(f)?
163
Let z(a) = -2*a**3 - 70*a**2 - 48*a - 24. List the prime factors of z(-38).
2, 3, 109
Suppose -5*o = 3*n - 56, -o - 44 = -4*n - 0*o. Let m = 27 - n. Let a = m + -8. What are the prime factors of a?
7
Let j = 288 + 3379. Suppose 0 = -9*t + j + 6809. List the prime factors of t.
2, 3, 97
Let z = 376 - 340. Suppose 2592 = -30*d + z*d. Li